4 + -43 + -72 + 20?
-84
Calculate (-20 - (124 - 71 - 77)) + (1 - 2 - -6).
9
-68 + 2 + 8 + -4 - (-18 - -8 - 2)
-50
(-17 - 15 - -71) + -41
-2
Evaluate 123 + -115 + (-4 - (2 + 7)).
-5
Evaluate -8 + -67 + 62 - ((-4 - -8) + 111).
-128
Evaluate -51 - (-39 - 48 - -61).
-25
What is the value of 13 - (-65 - (-29 - (-1 + -22)))?
72
(45 - -29) + -83 + 4
-5
What is the value of -144 + 174 + -3 + -41 + -2?
-16
-22 + (-113 - -74 - (-12 + 91))
-140
Evaluate 59 - (-1 - -29) - (3 + 25).
3
Evaluate -4 + 27 + -44 - (1 + -9) - -26.
13
What is (8 - -3 - 86) + 5 + -32 + 27?
-75
Calculate -6 + (-27 - -63) + (-1 - -2 - (-47 + 51)).
27
Calculate (2 - 16) + 8 + 212 + -245.
-39
What is 2 + (3 - 11 - (-14 - (-13 - -27)))?
22
(14 - 7 - 2) + -13 - (1 + 9)
-18
Evaluate -102 + 87 + -10 + (1 - -63).
39
Evaluate 1 - -36 - (14 + -1).
24
What is -59 - (2 - 1) - (-320 + 299)?
-39
Evaluate 105 + (-188 + 68 - -92).
77
Evaluate -6 - 4 - (20 - 26) - (-41 - (-1 + 3)).
39
Calculate -5 + -3 - -6 - (-187 + 183).
2
What is the value of -158 + (226 - 114) + -14?
-60
Evaluate -40 + -1 - (165 + 125 - 212).
-119
What is 1 - -50 - (15 + -13 + (6 - 5) - 4)?
52
Calculate (15 - (100 - 87)) + -74.
-72
32 + 0 - (59 + -42 - 29)
44
What is the value of -67 - (-62 - (-17 - -5))?
-17
Evaluate -71 - -69 - (-11 - -12 - -39 - (8 - 0)).
-34
Calculate (-2 - (-1 - 2)) + -1 - (-9233 - -9375).
-142
Evaluate -50 - 3 - (-237 - -170).
14
26 - (3 + 11) - (15 + -35)
32
What is -36 + -2 + 90 + -48?
4
Evaluate -63 - -131 - 56 - 67.
-55
What is 0 + -38 + (-45 - -65) + -12?
-30
Calculate -39 + -20 + 5 + 26.
-28
14 + (6 - 21) + (31 - 29)
1
What is the value of (22 + -10 - (-23 + 27 + 17)) + 91?
82
What is (68 - -46) + -97 - (-2 - -67)?
-48
Evaluate 12 - (-45 + (13 - (5 - 12 - -10))).
47
Evaluate -84 - (6 + 45) - -78.
-57
What is -2 - -10 - ((-27 - -1) + (1167 - 1202))?
69
What is the value of -3608 + 3707 - (-2 + 2)?
99
25 + 11 + -5 - (5 - (-1 - (0 + -6)))
31
What is the value of 4 - (119 + (-41 - (-39 - 5)))?
-118
What is the value of -4 - 4 - (10 + -16 + 13) - 13?
-28
(-4 - 1) + 93 - ((-10 - -9) + 4 + -14)
99
Evaluate 13 + (45 - (10 + 55)).
-7
Evaluate 0 - 23 - (2915 - 2944).
6
What is the value of -61 - (165 + -86) - 16?
-156
Evaluate (14 + 9 - (2 + 6)) + (20 - 59).
-24
What is 3 + (-2 - (-33 - -17) - 30) - 2?
-15
Evaluate -47 - (-74 - -25) - (-1 + 1 + -4).
6
What is the value of 38 - 3 - (-42 - (12 - 30))?
59
What is 40 + -8 + (13 - 45) + (19 - 0)?
19
Evaluate (-76 - (34 - 48)) + 32.
-30
32 + -227 + -20 + 132
-83
-54 - -14 - (15 - 44)
-11
What is the value of (-190 - (-38 + 2)) + 39 + 1?
-114
What is the value of -62 + 79 + 19 + 1 + -2?
35
(120 - 124 - (74 + 2)) + -5 + 1 + -3
-87
What is the value of (-2 - -1) + -9 + (0 + 39 - (-105 + 103))?
31
What is the value of (1 - -44) + -639 + 547?
-47
What is -53 - -28 - (-6 + -11) - 23?
-31
What is -1 + -4 + (4 - 5) + 92 + -80?
6
Calculate (10 - (11 + -10)) + -1 + -10 - (-1 + 38).
-39
Evaluate 22 - ((0 - (-3 + -7)) + -11 + (3 - -6)).
14
Calculate (13 - (3 - -13) - -1) + (-85 - (-9 - -6)).
-84
Evaluate 10 + (13 - 31) + 21 + -17.
-4
(17 + (-4 - 0) - 3) + 18 + (-19 - -5)
14
What is (-24 - 2) + (-168 - -195)?
1
What is -51 + 36 - -36 - 102 - (-3 - 2)?
-76
Calculate (-16 - (-42 + -5)) + -23.
8
What is -3 - -1 - (16 - (142 - 24))?
100
Evaluate -1 - (5 + -1 + 13) - ((-5 - 27) + 27).
-13
Calculate (540 - 564) + (-1 - -5) - (3 - 131).
108
Calculate 0 - (-2 + (17 - 21 - (6 - -2))).
14
Calculate -365 - -321 - ((36 - 0) + -8).
-72
Evaluate (16 - (-5 + 2) - (-59 - -29)) + (-8 - 1).
40
84 - (3 + (-17 - -31))
67
52 + 35 + 65 + -124
28
What is -29 + (170 - (65 + 46))?
30
Calculate 0 + -1 - (31 - (-130 + 184)).
22
What is -14 - (23 + (-16 - (-1 - 4)))?
-26
Calculate 84 + (55 - 150) + 50.
39
Calculate -52 + (-170 - -37 - -131).
-54
What is 21 + -9 + 23 + (13 + -6 - (6 + 0))?
36
3 + (-14 - ((-15 - -15) + -5)) + 46
40
103 - 107 - -30 - -96
122
125 + (-129 - 5) + 148
139
What is the value of -7 + 56 + -43 - 10?
-4
What is (-100 - -10) + -41 + 59?
-72
What is the value of -31 + (8 - 57) - -25?
-55
Calculate 5 + -11 + (51 - (36 + -15) - 3).
21
Evaluate -25 - 28 - 6 - -119.
60
Evaluate -36 - -126 - (171 + -165).
84
What is (-1 - 26) + (297 - 11 - 269)?
-10
Evaluate -74 - (-32 - -41 - 37).
-46
What is the value of 66 + (-13 - (64 - 55))?
44
What is the value of (1 - -25) + 4 + (12 + -29 + 9 - -2)?
24
Calculate -14 + 28 + -11 + 7 - 73.
-63
What is -2 + 0 + 17 + (57 - 44) + -9?
19
What is (2 + 47 - -1) + 6 + 9 + -13 + -12?
40
What is the value of -3 + 2 - (-21 + -3 - -1 - (135 + -124))?
33
Calculate 68 - ((-3 - -5) + -16 - (-5 - 10)).
67
Evaluate (-4 + -19 + 39 - (38 - 6)) + 1.
-15
What is (37 - 2) + (956 - 1054)?
-63
Calculate 13 - -11 - (-4 + 0 - 7).
35
(-297 - -89 - -131) + -1 + 26
-52
Evaluate (5 + (32 - 18) - 9) + -26.
-16
Calculate (-23 - (34 - 31) - ((7 - -1) + 0)) + 9.
-25
What is the value of -45 + ((-6 - -10) + 21 - 8)?
-28
-74 + 35 + (54 - 89)
-74
What is (2 - -1 - 6) + (4 - 2) - (-3611 + 3566)?
44
-8 + (-3 - 6) + 358 + -311
30
What is the value of -16 - -12 - (-14 + -22 + 32)?
0
(19 - 14) + -6 + 17 + 57 - 7
66
Evaluate -57 + 3 + 2 + (141 - 115).
-26
Calculate -30 - -33 - (-26 - -21) - (-6 - 0).
14
What is 0 + -8 - (-55 + 2 + (-35 - (15 + -58)))?
37
6 + (-41 - (67 + -100)) + (10 - 2)
6
14 + (47 - (17 + -14) - 18)
40
Evaluate 0 + -7 + 0 + 15 + -9 + -15.
-16
What is -93 + -11 + (17 + 16 + -19 - (8 - 1))?
-97
-3 + 5 + (-17 - 4) + -2 + 13
-8
What is the value of 10 + -1 + 1 + -100 + 79?
-11
Evaluate (1 + 6 - 3 - 2 - (751 + -763)) + 90.
104
Evaluate -1 + -10 + -1 + 20 + (49 - 106).
-49
Calculate -97 - (0 + 12 - (-3 - -15)) - 11 - -8.
-100
8 + (3 - 0) - (20 + (-2 - 19 - 4))
16
-6 + (10 - (-66 - (-14 + (-3 - -4))))
57
What is 110 - 84 - (24 + 1) - 16?
-15
Calculate (-2 - (-77 - -3)) + 2552 + -2512.
112
What is -57 - (-105 + 27 + 46)?
-25
Evaluate (-9 - -15) + 0 - 5 - (-7 + 28 + -17).
-3
What is -13 + (-5 + (6 - -26) - 16)?
-2
Evaluate 96 + -77 + (14 - 5).
28
Calculate -17 + -4 - (-474 - -499).
-46
What is the value of 17 + -7 + 21 + 22 + -78?
-25
What is the value of -4524 - -4629 - (-3 - -252)?
-144
What is -90 + 7 - (102 + -13 - 99)?
-73
What is (-2452 - -2538) + (-1 - 14)?
71
What is the value of (-5 - -1) + 59 + 4?
59
What is 27 + 8 + 5 + (-2 - 12) + 24?
50
What is (-66 - -41 - -139) + -24?
90
What is the value of 22 - 30 - (1 - 7 - (-26 - -29))?
1
Evaluate -78 + (-15 - -45) + 52.
4
What is the value of 42 - 2 - (0 - -68)?
-28
17 + -5 + 561 + -491
82
What is -4 + 10 + -10 - (-103 + 5 + -9 + 10)?
93
Calculate -1 + -15 - (-87 - -40 - -49).
-18
What is the value of 55 + -37 + 14 - (2 + -29)?
59
Calculate (-72 - (-6 + 4 - (-2 + -8))) + 13.
-67
Evaluate 86 - (234 + -134) - -1.
-13
What is the value of (-166 - -191 - (6 + -12)) + 33?
64
What is 43 + -7 + (11 - 96)?
-49
Calculate -77 + (43 - -10) + 32 - (0 - 12).
20
What is -136 - (-253 + 148) - -19?
-12
What is the value of (13 - 22) + 9 + 2 + 104 - (14 + -8)?
100
Evaluate -15 - 32 - (-32 - 66).
51
-2 + 8 + 9 - (100 - 87)
2
Evaluate (-27 - -18) + 23 + 4 + -35.
-17
Evaluate 14 + 6 + (3 - 1) - (-2 - -7).
17
-15 + (59 - 65 - -25)
4
Evaluate 14 + (8 - -14) + 7 + 2 + -8.
37
Evaluate -88 + 123 - 74 - (-8 - 0).
-31
What is -6 - 8 - (-44 - -45) - -32?
17
What is the value of (2 - -1) + (10 - 10 - -1) + 5 + -36?
-27
(44 + -33 - -36) + -46
1
What is the value of (1 - -34) + -21 + (-6 + 49 - 5)?
52
Calculate (7 - -8 - (45 + (17 - 65))) + -13 + 1.
6
What is the value of -46 - ((1 - 7) + 7 + -17 + 4 + 8)?
-42
Calculate -35 + 16 + 4 + 0 + -9 + (-2 - 28).
-54
Calculate 0 + -3 + (-47 - -70) - (33 - 149).
136
31 + -14 + -126 + 100
-9
14 + (26 - (50 + -48))
38
41 + (-3 - (42 - 14)) + 27
37
Evaluate 42 + -3 + 5 + 16 + -30 + 9.
39
What is the value of (14 - (3 + -12 - ((9 - 0) + -28))) + -53?
-49
What is (-163 + 279 - (1 - -4) - 1) + 14?
124
Evaluate -35 - -17 - (-1 + 0 + 11).
-28
Evaluate 2 + -18 - (-2 + 16 + -22) - 45.
-53
What is the value of 83 + (-5 - -4) + 10 + (-31 - -26)?
87
What is the value of 3 + (-10 - (-7 + 7 + -15)) - -77?
85
4 + 8 + 3 + 13 + 5
33
Calculate 56 - (60 + 3) - 29.
-36
What is the value of (-1 - -3) + 35 + -48 + 61 + -2 + -21?
27
What is the value of 2 - (1 + 0) - ((0 - 8) + -42 + 65)?
-14
-6 + (57 - 67 - 15)
-31
What is the value of -3 